y(x).
0
Let v(b) = b + 19. Let n(r) = 2*r**3 - r**2 - 3*r - 1. Let c(a) = -2*a**3 + a**2 + 4*a + 1. Let h(w) = -3*c(w) - 4*n(w). Let l be h(2). Determine v(l).
8
Suppose 20*i = 18*i + 2. Let f(q) = -5*q**2 - 3*q - 1. Let l(y) = y + 1. Let v(x) = f(x) + 2*l(x). Give v(i).
-5
Let q(u) = u + 6. Let o be q(-7). Let p(x) = 5*x**3 + 2*x**2 - x - 2. Let j be p(o). Let g(v) = -v**3 - 5*v**2 - 2*v + 3. What is g(j)?
-5
Let s(f) = 3*f - 2. Let z be s(4). Let a = -4 + z. Let t(c) = -2*c - 1. Determine t(a).
-13
Let i(o) = -o**2 + 3*o - 4. Suppose -1063*l + 1062*l + 2 = 0. Calculate i(l).
-2
Let z(m) = -m**3 + 43*m + 104*m**2 - 44*m - 8 - 97*m**2. Give z(6).
22
Let f(w) = -7*w**3 - 5*w**2 + 10*w**2 - 4*w**2 + 0*w**3. Let q(x) = x**3 - 8*x**2 + 14*x + 4. Let z be q(5). Give f(z).
8
Let m(r) = r + 18*r**3 - 3*r - 3*r**2 + 2*r + r**2 + 1. Determine m(1).
17
Let d(b) = -b**3 + 5*b**2 - 7*b + 7. Let o be d(3). Let n(v) = 2*v**2 - v - 4. Determine n(o).
24
Let k(x) = -x**2 + 17*x + 59. Let r be k(-3). Let z(m) = -37*m**2 + m + 1. What is z(r)?
-37
Let i(v) be the first derivative of -v**3/3 - v**2/2 + 12*v - 670. Determine i(5).
-18
Let o(q) be the second derivative of -2*q**3/3 + q. Suppose 2*d + 4*p - 10 = 0, -5*p = 4*d - 179 + 162. What is o(d)?
-12
Let g be (0/2)/2*1. Let z be (4 - 2) + 0 - g. Let y(p) = 6*p + 3 + p - z*p - 3*p. Give y(-2).
-1
Let t be (0/3)/3*1/1. Suppose t = -5*l - 3 - 42. Let c(o) = -o - 7. Determine c(l).
2
Let y(g) = -g. Let x be (-2)/((-8)/21 + 2/(-7)). Let l be (x + -1 - -2)*1. Determine y(l).
-4
Suppose 18*u + 51 - 33 = 0. Let c(o) = 8*o**3 - o**2 + 3*o + 3. Let s(v) = 8*v**3 - 2*v**2 + 4*v + 4. Let m(t) = -3*c(t) + 2*s(t). Calculate m(u).
7
Let y(z) be the second derivative of -z**3/3 - 11*z**2/2 + 19*z. Give y(-6).
1
Let k(g) = -3 + g + 0*g + 1 + g**2. Suppose 169 = -30*v + 79. Give k(v).
4
Let b(w) = w**2 - 5*w - 5. Let t(h) = -7 + 4*h**2 + 4*h + 0*h + h**3 - 12*h**2 + 8*h. Let v be t(6). Let q = 11 + v. Give b(q).
-9
Suppose 0 = 4*u - 24 + 12. Let v be 5/(-20)*(-1 - u)*7. Let i(t) = -t + 7. Determine i(v).
0
Let o(i) be the first derivative of -i**4/4 - 2*i**3/3 + 3*i**2/2 + 3*i + 5. Let u be o(-2). Let h be (3 + -15)/u + -3. Let l(g) = -13*g**2 - 1. What is l(h)?
-14
Let p(a) be the third derivative of 1/20*a**5 + 1/120*a**6 + 1/3*a**3 + 0*a + 19*a**2 - 5/24*a**4 + 0. Calculate p(-4).
6
Let f(k) = k**2 + k. Let u(a) = 4 + 3*a**2 - 22*a + 35*a + 2. Let z(c) = -4*f(c) + u(c). Determine z(10).
-4
Let r(g) = 3 + 1 + 4 - 6*g + 20*g - 4. What is r(-5)?
-66
Let x = 1353 + -1345. Let t(q) = q**2 - 5*q - 15. Calculate t(x).
9
Let v(x) = x**2 - 9*x + x + 4 + 4*x + 2*x. Let z(w) = -w**3 - 6*w**2 - 4*w + 9. Let r be z(-5). Determine v(r).
12
Let q(p) = -13*p - 13. Let i(r) = -7*r - 7. Let o(z) = 11*i(z) - 6*q(z). Let u(m) = -m - 1. Let w(y) = 2*o(y) + u(y). What is w(4)?
5
Let n(j) = -j**2 - j + 1. Let l(k) = -4*k**2 - 11*k - 3. Let b(o) = -l(o) + 3*n(o). Give b(-4).
-10
Let a(q) = -2*q - 1. Let u(f) = f**3 + 3*f**2 + 6*f + 5. Let z(o) = -2*a(o) - u(o). Give z(-2).
-3
Let a(b) = 2*b**2 - 50 - 6*b + 100 - 53. Give a(5).
17
Let g(j) = -j - 5. Let n = -13 + 18. Suppose -19 = 4*i + n. Calculate g(i).
1
Let n(z) = 4*z - 6. Let u be n(2). Suppose -l + x = 1, 4*l - u*l + 5*x = -9. Let j(p) = p**3 + 2*p**2 - 2*p - 3. What is j(l)?
1
Let t(n) be the first derivative of -n**5/60 - n**4/24 + 2*n**2 - 4. Let a(u) be the second derivative of t(u). Suppose -4*r + 9*r + 5 = 0. What is a(r)?
0
Let j = 31 + -28. Let i(v) = 7*v + 2*v + j*v - 3 - 13*v. Give i(0).
-3
Let j(d) = -d - 1. Suppose 2*s + 4*z = 3 + 7, -35 = -2*s + z. Let o be -3*2*(s - 14). Let w(b) = b**2 + 2*b. Let l(u) = o*j(u) + w(u). Calculate l(-6).
-6
Let b(p) = -p**2 - 6*p**2 - 392*p**3 + 393*p**3 - 13 - 6*p + 0*p**2. Determine b(8).
3
Let h be (-112)/(-20) - (8/5)/(-4). Let n(u) = -u**3 + 5*u**2 + 6*u. Determine n(h).
0
Let b(j) be the third derivative of -j**5/60 - j**4/24 - j**3/6 - 3*j**2. Let f(d) = -6*d**2 - 5*d. Let x(t) = 5*b(t) - f(t). Give x(-4).
11
Suppose 3*p = b + 1 + 2, p = b + 1. Let y(n) = -p - 2 + 23*n**2 - 22*n**2. Give y(0).
-3
Let d be 1/(((-25)/(-10))/5). Let y(k) = k + 2*k**2 + 6*k**d - k**3 + 7 - 8*k + 0*k**3. What is y(7)?
7
Let h(f) = -9*f - 1. Suppose 4*p = 3*p - 1. Determine h(p).
8
Let k(h) = -1485*h + 18 + 744*h + 743*h. Calculate k(-9).
0
Let g be 5/1 + (3 - 5). Let o(u) = u**3 - 246*u**2 + g*u + 16 + 245*u**2 - 2*u. Give o(0).
16
Suppose -17 + 23 = 2*d. Let h(x) = -11*x**3 + 1 - 4*x**d + 0*x**3. Give h(-1).
16
Let n be (-17)/(-7) + 4/7. Suppose 0*r = 4*r - 20. Suppose -n*z - r = -2. Let v(m) = 5*m - 1. Calculate v(z).
-6
Let h(x) = -x**2 + 52*x - 389. Let k be h(43). Let q(b) = b**3 - 4*b - 4. Determine q(k).
-4
Let i(d) = -d + 17. Let g be i(12). Let x(j) = -3 + 5 + 5*j**2 - g*j + 2*j**3 - j**3. Let b(h) = h**3 + 5*h**2 + h - 1. Let s be b(-5). Calculate x(s).
-4
Let w = -5 - -18. Let r(b) be the first derivative of 3*b + w*b**2 - 6 - 4*b**2 - 8*b**2. What is r(-3)?
-3
Suppose -3*b = 136 - 166. Let m(c) = -c**3 + 10*c**2 + 3*c - 1. Determine m(b).
29
Suppose 0*w = -2*w - 2*r, -2*w = r - 1. Let y(g) = 16*g**2 + g - 1. What is y(w)?
16
Let t(d) = d**2 - 2*d - 26. Let j be t(6). Let p(c) = -14*c + 1. Let b(a) = -13*a + 1. Let m(z) = -4*b(z) + 3*p(z). Give m(j).
-21
Let m be ((-50)/15 - 1 - -4)*-18. Let n(k) = 4*k - 13. Calculate n(m).
11
Let o(b) = 6*b**2 - 6*b + b**2 - 6*b**2 - b. Calculate o(6).
-6
Let u(g) = -9*g**3 + g**2. Suppose -5 = -p - 0*p, 3*p = 5*z - 25. Suppose 4 = -4*y + z. What is u(y)?
-8
Let n = 63 - 50. Suppose -5*f - 6 = -1, 5*f = 2*c - n. Let v(o) = -o**2 - 2*o + 6. Calculate v(c).
-18
Let l(i) = -6 + 2*i - i + 0*i. Let z = 15 + -12. Suppose -z*n - 1 = -13. Calculate l(n).
-2
Let j(a) = a**2 - 9*a + 8. Let n(o) = -2*o**2 + 18*o - 16. Let f(i) = 13*j(i) + 6*n(i). Suppose -2*g - 4*h - 25 = -5*g, 0 = 2*h + 2. What is f(g)?
-6
Suppose 26 = 2*q - q - 5*x, -2*q = 2*x - 16. Let h(f) = -f - q + 1 - f**3 + 6 - 5*f**2. Give h(-4).
-16
Suppose -4*b + 7*b = -3*n - 21, 2*n - 16 = 3*b. Let j(o) = 512*o**2 - 5*o - 278*o**2 - 235*o**2. Determine j(b).
-6
Let h(f) = 2*f**2 + 10*f - 2. Suppose 5*v - 7 + 32 = 0. Calculate h(v).
-2
Let b(j) = -2*j - 1. Let s = 34 + -43. Let m(l) = -l**3 - 9*l**2 - l - 11. Let n be m(s). Determine b(n).
3
Let q(t) = -4. Let l(r) = 18*r**3 - r**2 - r - 16. Let v(j) = -l(j) + 4*q(j). What is v(-1)?
18
Let l(p) = p**3 - 2*p**2 - 2*p + 4. Suppose -d = 7*d - 160. Let s = -17 + d. Calculate l(s).
7
Suppose -4*i + 2*s + 3 = 5, -5*i - 3*s + 3 = 0. Let a(d) = -d**3 + 3. Let j = 0 + -2. Let y(q) = 2*q**3 - 6. Let f(c) = j*y(c) - 5*a(c). Calculate f(i).
-3
Suppose s - 4 = -3*j, 4*s - 5*j - 6 = -7*j. Let n(h) = 3*h - 7 - s - 3 + 13. Calculate n(2).
8
Let g(o) = 4*o**2 - 4*o + 4. Let k(x) = -x**2 + x. Let u(w) = -g(w) - 5*k(w). Let l = -68 + 71. Determine u(l).
2
Let f be 0/((-12)/4*1). Let l(b) = f*b - b - 2*b - 5. Give l(-6).
13
Let p(q) = -8*q**2 + 12*q**3 + 13*q**2 - 11*q**3 - 4*q. Determine p(-6).
-12
Suppose 0 = -5*f - 8*w + 9*w + 27, 5*f - 4*w - 33 = 0. Let r(v) = 5*v - 5. Determine r(f).
20
Let o(x) = 5*x**2 - x. Let u = -19 - 16. Let a be (-27)/21 - 10/u. Give o(a).
6
Suppose h = -5*h + 12. Suppose -3*g - 12 = -7*g + 2*k, h*k = 2*g - 8. Let s(z) = -z**2. Give s(g).
-4
Let t be (96/(-40))/(4/10). Let d(c) = -c**3 - 6*c**2 - 8*c + 4. Calculate d(t).
52
Let c(y) = y**3 + 5*y**2 + 4. Let k be c(-5). Let m(w) = 5*w + w + w**2 - k*w - w**3 + 1. Let x(l) = l**3 - 7*l**2 + 2. Let p be x(7). What is m(p)?
1
Let h(p) = 475 - 223 - 247 - p. Suppose 0 = o + 3*u + 1, -6*o = -o + 5*u - 15. Give h(o).
0
Suppose -26 = -17*v - 111. Let j(a) = -4 + 4*a**2 - 5*a - 3 + a**3 + 0*a**3. Determine j(v).
-7
Let r(u) = 2*u**2 + 13*u - 4. Let n(g) = -5*g**2 - 41*g + 13. Let v(w) = -3*n(w) - 8*r(w). Calculate v(19).
-7
Let m(h) = h**2 + 3*h - 10. Let u be m(-7). Let b be 3/u - 29/(-6). Suppose 0 = -4*g - 3*y - 35, 2*y - 10 = -g + b*y. Let w(f) = f**2 + 5*f + 5. Determine w(g).
5
Let b(c) = -2*c - 4. Let a be b(-4). Suppose -3*v + a*t = -6, 0 = 6*v - 2*v - 4*t - 8. Let r(y) = -5 - v + 10*y**2 + 7*y + 16*y**2 - 27*y**2. Give r(5).
3
Let k = 0 + 1. Let y(b) = -5*b - k - 2*b + 3*b. Suppose -23*t = 2*t + 50 + 25. What is y(t)?
11
Suppose 10*a - 32 = 6*a. Suppose